?
9
Calculate the remainder when 627308 is divided by 311873.
3562
Calculate the remainder when 68164 is divided by 4529.
229
Calculate the remainder when 202233558 is divided by 12.
6
What is the remainder when 18985082 is divided by 792?
50
Calculate the remainder when 1715689 is divided by 91.
66
Calculate the remainder when 8758620 is divided by 60.
0
Calculate the remainder when 1556585 is divided by 62263.
10
Calculate the remainder when 3518958 is divided by 2129.
1850
What is the remainder when 4091397 is divided by 2045673?
51
Calculate the remainder when 8674653 is divided by 173492.
53
Calculate the remainder when 1214764 is divided by 58.
12
What is the remainder when 306308 is divided by 3978?
2
What is the remainder when 3521792 is divided by 9?
2
What is the remainder when 665908689 is divided by 25?
14
Calculate the remainder when 1152047 is divided by 384015.
2
What is the remainder when 153105 is divided by 530?
465
What is the remainder when 9267453 is divided by 13689?
0
What is the remainder when 45634255 is divided by 1156?
1155
Calculate the remainder when 15770 is divided by 14410.
1360
Calculate the remainder when 36365311 is divided by 2325.
2311
What is the remainder when 425420 is divided by 1160?
860
What is the remainder when 441437 is divided by 3340?
557
Calculate the remainder when 6569237 is divided by 584.
405
Calculate the remainder when 1553088 is divided by 346.
240
What is the remainder when 10009135 is divided by 6412?
3
Calculate the remainder when 70651958 is divided by 2762.
2760
What is the remainder when 7913951 is divided by 723?
716
Calculate the remainder when 50229903 is divided by 25114913.
77
Calculate the remainder when 861491 is divided by 15922.
1703
What is the remainder when 64433 is divided by 31179?
2075
Calculate the remainder when 7955 is divided by 1774.
859
Calculate the remainder when 32808 is divided by 1931.
1912
Calculate the remainder when 308878 is divided by 694.
48
What is the remainder when 20038339 is divided by 50?
39
Calculate the remainder when 64452895 is divided by 161536.
31
What is the remainder when 1979712 is divided by 19601?
11
What is the remainder when 8695792 is divided by 2898582?
46
Calculate the remainder when 523451 is divided by 287.
250
What is the remainder when 828595 is divided by 19?
5
What is the remainder when 22275903 is divided by 152?
151
Calculate the remainder when 13095055 is divided by 6547523.
9
What is the remainder when 22582221 is divided by 381?
351
Calculate the remainder when 152096 is divided by 818.
766
What is the remainder when 2051837 is divided by 1603?
1600
Calculate the remainder when 46901892 is divided by 25.
17
What is the remainder when 538682 is divided by 289?
275
Calculate the remainder when 1893219315 is divided by 1026.
1023
Calculate the remainder when 583860 is divided by 3497.
3358
Calculate the remainder when 46956 is divided by 3229.
1750
Calculate the remainder when 12986354 is divided by 34.
20
What is the remainder when 1754870 is divided by 22?
18
Calculate the remainder when 2482448 is divided by 379.
377
Calculate the remainder when 126745 is divided by 420.
325
Calculate the remainder when 128547 is divided by 2617.
314
What is the remainder when 14944226 is divided by 2947?
2936
What is the remainder when 63500894 is divided by 73?
19
What is the remainder when 3041114 is divided by 15?
14
What is the remainder when 1196752 is divided by 591?
568
What is the remainder when 820889 is divided by 26?
17
What is the remainder when 1919930251 is divided by 216?
211
What is the remainder when 2721904 is divided by 907299?
7
What is the remainder when 1199820 is divided by 199926?
264
Calculate the remainder when 1142966 is divided by 57148.
6
Calculate the remainder when 5225789 is divided by 572.
569
What is the remainder when 6088 is divided by 266?
236
What is the remainder when 5326735 is divided by 319?
73
Calculate the remainder when 28022 is divided by 7603.
5213
Calculate the remainder when 562058 is divided by 210.
98
What is the remainder when 7989973 is divided by 20278?
441
What is the remainder when 119985 is divided by 113680?
6305
What is the remainder when 58199 is divided by 7268?
55
What is the remainder when 1787784450 is divided by 13?
10
Calculate the remainder when 937657 is divided by 7.
0
What is the remainder when 2162805 is divided by 2162788?
17
What is the remainder when 554425 is divided by 1728?
1465
What is the remainder when 2297743 is divided by 3508?
3
What is the remainder when 55709 is divided by 11107?
174
What is the remainder when 442043 is divided by 8577?
4616
What is the remainder when 663426 is divided by 13005?
171
Calculate the remainder when 6824 is divided by 117.
38
Calculate the remainder when 28337129 is divided by 12963.
11
What is the remainder when 83452 is divided by 27636?
544
What is the remainder when 732061 is divided by 19?
10
Calculate the remainder when 253834 is divided by 179.
12
What is the remainder when 87082293 is divided by 12?
9
What is the remainder when 2694544 is divided by 225?
169
What is the remainder when 699428 is divided by 233135?
23
Calculate the remainder when 1250676 is divided by 1099.
14
What is the remainder when 1861421 is divided by 1898?
1381
Calculate the remainder when 125187 is divided by 62212.
763
Calculate the remainder when 637293 is divided by 3186.
93
What is the remainder when 549858 is divided by 43?
17
Calculate the remainder when 428808 is divided by 26785.
248
Calculate the remainder when 27391724 is divided by 4288.
4268
Calculate the remainder when 563935 is divided by 29.
1
What is the remainder when 51829 is divided by 51364?
465
What is the remainder when 407077026 is divided by 20?
6
Calculate the remainder when 60220 is divided by 60215.
5
What is the remainder when 48903 is divided by 3515?
3208
What is the remainder when 135948 is divided by 44979?
1011
Calculate the remainder when 16521938 is divided by 41.
4
What is the remainder when 88052006 is divided by 17610398?
16
Calculate the remainder when 11344774 is divided by 1933.
1930
What is the remainder when 11406 is divided by 2454?
1590
Calculate the remainder when 10995307 is divided by 8.
3
What is the remainder when 338772 is divided by 1947?
1941
Calculate the remainder when 10761 is divided by 61.
25
What is the remainder when 413638 is divided by 137654?
676
What is the remainder when 268643 is divided by 619?
616
Calculate the remainder when 440338 is divided by 56.
10
What is the remainder when 27546163 is divided by 1277?
1273
What is the remainder when 175497 is divided by 70?
7
What is the remainder when 1546380 is divided by 143?
121
Calculate the remainder when 2437 is divided by 2010.
427
What is the remainder when 10177762 is divided by 13885?
57
What is the remainder when 210504 is divided by 4663?
669
Calculate the remainder when 18098060 is divided by 610.
580
Calculate the remainder when 64928076 is divided by 5.
1
Calculate the remainder when 86847 is divided by 2282.
131
What is the remainder when 156473139 is divided by 36?
3
Calculate the remainder when 4697659 is divided by 23.
1
What is the remainder when 440582 is divided by 146?
100
What is the remainder when 173626910 is divided by 838?
14
What is the remainder when 9245 is divided by 7969?
1276
What is the remainder when 115401 is divided by 115157?
244
What is the remainder when 82640 is divided by 269?
57
What is the remainder when 1311645 is divided by 2082?
2067
What is the remainder when 11183203 is divided by 314?
93
What is the remainder when 378582 is divided by 112?
22
What is the remainder when 245890135 is divided by 245890121?
14
Calculate the remainder when 161379 is divided by 8964.
27
What is the remainder when 66924987 is divided by 211?
7
Calculate the remainder when 15853509 is divided by 5.
4
Calculate the remainder when 2869353 is divided by 956426.
75
Calculate the remainder when 2998977 is divided by 28291.
131
Calculate the remainder when 3373072 is divided by 53530.
682
Calculate the remainder when 516793 is divided by 4969.
17
Calculate the remainder when 522607 is divided by 1745.
852
What is the remainder when 10071409 is divided by 1007